v) = 7*v**2 + 21*v + 8. Let m(p) = 7*d(p) + 5*r(p). Let x be m(-9). Let o = -241 - x. What is the units digit of o?
7
Let r(w) = 2*w**2 + 55*w + 406. What is the tens digit of r(44)?
9
Let n(a) = 2*a**2. Let o be n(-2). Let v = -24 + o. What is the tens digit of 1/(-4) - (-2)/(v/(-162))?
2
Suppose 11*s - 13*s = -4*q + 60494, 5*q - 3*s - 75616 = 0. What is the tens digit of q?
2
Let t = 9199 + 7188. What is the ten thousands digit of t?
1
Let t be (-44)/(-11) + (-12004)/(-2). Suppose t = 37*y - 20856. What is the hundreds digit of y?
7
Let w(h) = 54*h + 2316. What is the hundreds digit of w(-9)?
8
Suppose 2*b + 5*w + 6673 = 0, -w - 16765 = 5*b - 5*w. Let v = 791 - b. What is the units digit of v/161*(-14)/(-3)?
0
Let f(o) = -o**2 - 15*o + 19. Let l be f(-15). Suppose -144 = -l*a + 11*a. What is the tens digit of a?
1
Let a(f) = -f**3 - 8*f**2 - 7*f + 4. Let j be a(-7). Suppose 3*n - j*n = -4. Suppose -114 = -n*m - 10. What is the units digit of m?
6
Let n = -63 - -194. Suppose 133*f - n*f + 2 = 0. What is the tens digit of 42*120/(-28)*f?
8
Suppose 2*d - 5 = 21. Let q(m) = -9*m**2 + 2*m**3 + m**3 - d*m - 1 + 20*m - 2. What is the tens digit of q(5)?
8
Let q = -7 + 15. Suppose 0 = l - 4*i - q, -3*i = -l - i + 6. What is the units digit of 31 + -14 - (0 - l)?
1
Suppose 10*t - 28*t + 88740 = 0. What is the tens digit of t?
3
Suppose 5*l + 20 = 0, -4*f + 5*l + 28 = -8. Let w be 1 + (f - (-1 + -117)). Let x = -85 + w. What is the tens digit of x?
3
Let l(v) = 75*v - 434. Let i be l(6). Suppose -36*a = -i*a - 9120. What is the units digit of a?
6
Let z(c) be the first derivative of 11*c**2 + 42*c - 34. What is the tens digit of z(8)?
1
Let k(m) = -m**3 + 25*m**2 - 25*m + 25. Let y(d) = -15*d - 6. Let h be y(-2). Let o be k(h). What is the units digit of (-125)/(-10)*(o - -1)*5?
5
Let h(l) = -5*l**3 + l**2 - 2*l - 2. Let b be h(-1). Suppose 0 = -z + b*z + 22470. What is the units digit of z/(-49) + 6/21?
2
Let d = 44582 - 13480. What is the ten thousands digit of d?
3
Let l(p) = 19*p**2 - 21*p + 9. Let j be (2 + 22)/(-6 + 9). What is the thousands digit of l(j)?
1
Suppose 2*k - 24 = 8. Let v = -11 + k. Suppose -209 = -2*b - 0*b + 3*s, 3*b - v*s = 313. What is the tens digit of b?
0
Let o(u) = u**2 + 2*u + 3. Let y(b) = b**2 - b + 3. Let s be y(0). Suppose -16 = s*x + x. What is the tens digit of o(x)?
1
Suppose 3*w + 3*f + 9 = 0, -f + 7 = -0*w - w. Let o be (-14)/w - (0 - -1)/(-5). What is the tens digit of -1 - (-4 + (-69)/o)?
2
Suppose 52*f - 97011 - 174146 = 21*f. What is the hundreds digit of f?
7
Let s = 263 + -191. What is the units digit of 32/s*1 + 3677/9?
9
What is the ten thousands digit of -16*(-51)/136 + 0 + 33267*1?
3
Suppose 5*l - 31 = -2*u, -4*u - l + 20 = -3*u. Let g = -45 + u. Let o = 6 - g. What is the tens digit of o?
2
What is the tens digit of -11 - -8 - (-3 + 206)*-32?
9
Let q = -2305 - -2305. Let c be -1 - ((-2)/(-2) - 2). Suppose q*b + 4*b - 72 = c. What is the units digit of b?
8
Let v = -239 + 254. Suppose 9*u - v*u + 3000 = 0. What is the units digit of u?
0
Let a(r) = -2*r**3 + 24*r**2 - 90*r - 13. What is the tens digit of a(-9)?
9
What is the units digit of 2*-121*41211/(-342)?
1
Suppose 2*t + 374 = 4*v, -2*v + 5*t + 109 = -66. Let m(s) = 19*s - 155. Let k be m(8). Let j = k + v. What is the units digit of j?
2
Let k(c) = 5*c**2 - 20*c + 48. Let i be k(27). Suppose -i = -12*u + 2019. What is the tens digit of u?
3
Let l(p) = -4*p - 2 - 17*p**3 - 11*p**2 - 11 - 2*p + 18*p**3. Let k be l(7). Let o = -177 - k. What is the units digit of o?
4
Suppose -x = r - 7750, 4*r = 3*x - 5454 - 17761. What is the tens digit of x?
4
Let t(a) = 10259*a**2 - 13*a - 6 - 10238*a**2 + 33*a. What is the units digit of t(5)?
9
Let l = -149 + 175. Suppose 0 = 15*v - l*v + 11198. What is the units digit of v?
8
Let m(w) = -189*w + 20278. What is the hundreds digit of m(-201)?
2
Let h be ((-138)/4)/((-1)/4). Suppose 3*j + 855 = 4*f + 9, 0 = -2*f + 4*j + 428. Let g = f - h. What is the units digit of g?
2
Suppose 143280 = 6*k - 0*o + 3*o, 3*o = -k + 23895. What is the hundreds digit of k?
8
Suppose -524 = -3*h + 1285. Suppose 5*i - 4738 = -h. What is the tens digit of i?
2
Let z(l) = l - 57. Let j be z(0). Let t be 1/(1/(0 - j)). Let u = -35 + t. What is the tens digit of u?
2
Let b = -80 + 118. Suppose -662 = -15*p + 354 + 559. Suppose 0 = i + 3*g - p - b, 4*i + 5*g - 551 = 0. What is the hundreds digit of i?
1
Let d = 38 - 41. Let g(b) = -b**3 - 4*b**2 + 3. Let j be g(d). What is the tens digit of 150/5 + j/(-3)?
3
Suppose 266*s = -3*a + 268*s + 9538, -2*a = -3*s - 6357. What is the units digit of a?
0
Let h(k) = -29*k**3 + 3*k**2 - 24*k + 15. What is the units digit of h(-10)?
5
Suppose -u = 810 - 798. Let d(h) = h + 26. What is the tens digit of d(u)?
1
Suppose 44408 = -0*b - 14*b. Let c = 5027 + b. What is the thousands digit of c?
1
Suppose 28*z = -30*z + 36482. What is the hundreds digit of z?
6
Let q(r) = -215*r - 549. What is the tens digit of q(-69)?
8
Suppose -32*n + 43 = -115157. What is the thousands digit of n?
3
Let b be (1 - 1) + -32*(-6)/(-6). Let a = b + 37. What is the units digit of ((-12)/a)/(42/(-525))?
0
Let b be 869/(-99) - 6/27. Let r(o) = -6*o - 8 - 1 + 2. What is the units digit of r(b)?
7
Let i = -27 + 72. Let m be (5/4)/(-5) - 436/(-16). Let v = i - m. What is the tens digit of v?
1
Suppose 381226 + 506034 = 110*s. What is the units digit of s?
6
Suppose k + 2*g = 3*g + 23, -3*k - 5*g = -53. Suppose -10 = k*d - 26*d. What is the tens digit of ((-90)/12)/(250/128 - d)?
6
Let a = 486 + -41. Let z = a + -242. What is the units digit of z?
3
Suppose 3914 = -76*p + 57*p. Let m = 80 - -224. Let s = m + p. What is the tens digit of s?
9
Suppose 14*s - 10*s = 1264. Suppose 45 = -3*t + 8*t - 5*w, 0 = 4*w + 20. Suppose 2*v + v - 3*z = 258, 0 = -t*v - 3*z + s. What is the units digit of v?
2
Let x = 1899 - 758. Suppose -16*a + 9*a = -x. What is the hundreds digit of a?
1
Let o(g) = g**3 - 10*g**2 + 7*g + 22. Let n be o(9). Suppose 5*p - 16 = n. Suppose 0 = -c - 2*x + 154, -308 = -2*c - p*x + x. What is the units digit of c?
4
What is the ten thousands digit of (-44845385)/(-1105) - (-4)/(-68)?
4
Let q(t) = 9*t**3 + 2 - 10*t**3 - 5*t**2 + 5*t - 1. Let b be q(-6). What is the units digit of (b - -152)/((-3)/(-2))?
6
Let b = -2304 - -2307. Suppose -3*l + 31 = 3*r - 4*l, -4*r = -l - 41. Suppose b*x - r*x + 140 = 0. What is the units digit of x?
0
Let o be (-2)/(-3)*(7 + 11). Suppose 0*z + o = 2*z. Suppose -z*c + 3*c + 261 = 0. What is the units digit of c?
7
Let p(t) = -5*t**3 + 6*t**2 + 24*t. Let q(l) = -14*l**3 + 19*l**2 + 71*l. Let h(k) = -8*p(k) + 3*q(k). What is the tens digit of h(-5)?
7
Let f(z) = -2*z + 1. Let v(r) = 3*r**3 + 2*r**2 - 14*r + 24. Let h(t) = f(t) + v(t). What is the tens digit of h(4)?
8
Suppose 4*n - 10641 = -3*s, -2*s + 2*n - 4*n = -7094. Let d = -2498 + s. What is the hundreds digit of d?
0
Let h be (6*(-4)/(-24))/1. What is the units digit of (h + 92)*(1 - (-55)/33)?
8
Let y = 15 - 27. Let w be 3 + 5/(20/y). Suppose w = -2*k + 4, -3*h + k + 176 = -k. What is the tens digit of h?
6
Let s(u) = 57*u**2 + 5*u - 2. Let q be s(1). Suppose -7*b + 297 = -q. What is the units digit of b?
1
Let q = -106 + 119. Suppose -2*c - q = -s, -5*s + 24 + 6 = -3*c. Suppose -2*m = -4*v - 408, -s*v + 4*v = 5*m - 984. What is the hundreds digit of m?
1
Suppose 3*s = 1690 + 581. Suppose 0 = -f + 4*h + s, -807 + 95 = -f - 5*h. What is the tens digit of f?
3
Suppose -12*y - 2*z + 4526 = -10*y, -5*y - 4*z = -11311. What is the tens digit of y?
5
Suppose 3044*s - 3088*s + 1315996 = 0. What is the ten thousands digit of s?
2
Suppose -g + 80 = 2*l + 3*g, 4*l - 4*g = 196. Suppose -12 + l = -t. Let s = t - -48. What is the tens digit of s?
1
Suppose y + 3*w = -y + 15100, 5*y - w = 37733. Suppose -25*n = -y + 997. What is the hundreds digit of n?
2
Let w(k) = -9*k**3 - k**2 - k. Let f be w(-1). Suppose -1690 = f*a + 4*a. What is the units digit of 4/(-16)*a - (-1)/2?
3
Suppose -2*r = -s - 110210 - 11684, r + 4*s - 60974 = 0. What is the ten thousands digit of r?
6
Let g(z) = z**3 + 32*z**2 - 27*z - 58. Let h be g(-30). Suppose l = -7*l + h. What is the hundreds digit of l?
3
Suppose -213610 = 639*s - 680*s. What is the units digit of s?